t v(t) = -t**2 - 3*t - 1. What is v(y)?
-5
Let v be -1*-1*(2 - 3). Let a(x) = 5*x + 1. Determine a(v).
-4
Let x(p) be the first derivative of p**2/2 - 6*p + 4. Let z be x(7). Let m(g) = -z + 10*g**2 - 4*g**2 + g**3 + 5 + 0*g**3 + 5*g. What is m(-5)?
4
Let d(q) = 9*q - 3. Let z(g) = -8*g + 2. Let n(i) = 5*d(i) + 6*z(i). Determine n(-3).
6
Let m(t) = t - 10. Let y(u) = -u**3 - 6*u**2 + 5. Let d be y(-6). Suppose -2*l = -d*l + 6. Let z be 1/l*0/(-7). What is m(z)?
-10
Suppose 3*p = 0, -5*p = -2*d - 3*d + 10. Suppose 0 = 3*s + y - 7, -20 = d*y + 2*y. Let h(w) = 3*w - w - s*w + 3. Determine h(4).
-5
Let f(x) = -2*x**3 - 2 - 4*x**2 + 46*x + 0*x**2 + 3*x**3 - 45*x. Give f(4).
2
Let n(y) = 2*y**2 + 10. Let v(d) = -5*d**2 + d - 29. Let r(m) = 8*n(m) + 3*v(m). Give r(-7).
21
Let t = 3 + 1. Let n(g) be the third derivative of g**6/120 - g**5/20 - g**4/12 - g**3/3 + 3*g**2. Calculate n(t).
6
Let x(j) be the third derivative of j**4/24 - j**3/3 - j**2. Suppose 3*r = -6, 0 = 3*y + y - 4*r - 16. Give x(y).
0
Suppose 0 = -5*w + 4 + 16. Suppose 2*f - w*t = 26, f - 2 = -2*t - 9. Let a(c) = c**2 + 3. Calculate a(f).
12
Let f(d) = 2*d**2 + 3*d - 1. Let a(s) = -s**3 + 5*s**2 + 4*s + 7. Let j be a(6). Let u be (-1 + 2)*(j - -2). Calculate f(u).
8
Suppose v + 0*v = 3. Let r = 12 - 7. Let l(f) = r*f**2 + 3*f + 0 - v - 4*f**2. Calculate l(-5).
7
Let l(s) = s**3 + 3*s**2 - 3*s + 4. Let n(g) = -g**2 + 8*g + 3. Let r be n(5). Let a = -22 + r. Determine l(a).
0
Let a(m) be the first derivative of m**3/3 + 5*m**2/2 - 7*m - 4. Let v be a(-6). Let g(k) be the third derivative of -k**6/20 + k**4/24 + 3*k**2. Give g(v).
5
Let v(s) = s**2 - 4*s. Suppose -a + 12 = 4*f, -8*f - 8 = -7*f + 3*a. Determine v(f).
0
Let y be 9/(3/3) - 3. Let o(b) = b**2 - 7*b + 7. What is o(y)?
1
Let x(i) be the second derivative of -i**5/20 - i**4/2 - 2*i**3/3 + i**2 - 8*i. Give x(-5).
-3
Let d(f) = f**3 - 2*f - 2 - 2*f**2 - 3 - f**2. Let j(h) = -h**3 + 3*h**2 + h + 4. Let c(w) = 2*d(w) + 3*j(w). Suppose 3 - 9 = -2*v. Give c(v).
-1
Let h(f) = -f + 8. Suppose 0*p - 2*p - 3*b = -22, -8 = -4*b. What is h(p)?
0
Let v(p) = p + 18. Let a be v(-11). Let t(i) = -i**2 + 7*i - 4. Determine t(a).
-4
Let p(h) = -11*h**2 + 1 + 17*h**2 - 6*h - 5*h**2. Determine p(4).
-7
Let j(r) = 3*r**2 - 6*r - 3. Let g(a) = -4*a**2 + 5*a + 4. Let d(i) = 2*g(i) + 3*j(i). Determine d(7).
-8
Let z(x) = x - 16. Let k be 20/(-60) + (-62)/(-6). What is z(k)?
-6
Let h(x) = -3*x + 4. Let s(k) = k + 1. Let c(l) = -h(l) - 4*s(l). Let g(d) = 2*d + 9. Let o(j) = 3*c(j) + 2*g(j). Determine o(6).
0
Let v(j) = -j**2 - 4*j + 1. Suppose -g = 4*d + 14, 5*g + 0*d = -2*d - 34. Calculate v(g).
-11
Let b(l) = -4*l - 1 + 3 - 4. Let d(t) be the first derivative of t**3/3 + 7*t**2/2 - 10*t + 4. Let h be d(-8). Calculate b(h).
6
Let s(g) = g**3 - 3*g**2 - 3*g + 1. Suppose -a = 1 - 8. Suppose 3*u - a*u + 12 = 0. Calculate s(u).
-8
Let w(f) = -2*f - 2 - f + f. Calculate w(-2).
2
Let t(c) = c**3 + 4*c**2 - 5*c + 1. Let o = 13 + -18. Calculate t(o).
1
Let p(o) = -5 + o**2 + 2*o**3 - o + 4 - 2*o. Let a = 4 + -8. Let i = 2 + a. Determine p(i).
-7
Suppose -3*a = -a - 4. Suppose -17 = -g - 2*y + 7*y, -y - 7 = -2*g. Let n(p) = 1 + 6*p - a*p**2 + 3*p**g + 3*p**2 - p**3. What is n(5)?
6
Let n be ((-21)/(-7))/((-3)/(-2)). Let o(y) be the first derivative of y - n - 1/2*y**2. What is o(-4)?
5
Let v(t) = -2*t - 8. Let r(q) = -q - 4. Let z(y) = 5*r(y) - 2*v(y). Let d(m) = -m**3 - 13*m**2 + m + 9. Let u be d(-13). Calculate z(u).
0
Let k(i) = -7*i**3 - 5*i**2 + 3*i - 5. Let d(o) = 6*o**3 + 5*o**2 - 2*o + 4. Let u(p) = 6*d(p) + 5*k(p). Suppose -v - 11 = 3. Let q be 4/v + (-26)/7. Give u(q).
3
Let v = -7 - -13. Let u = 1 - v. Let f(j) = -j**2 - 3*j + 5. Determine f(u).
-5
Suppose 3*k = 5*o - 28, -26 = 5*k + 2*o - 0*o. Let h(p) = -p**2 - p + 7. Determine h(k).
-23
Suppose 3*v + 0 = -27. Let g = 13 + v. Let y(c) = c**3 - 4*c**2 - c + 4. Give y(g).
0
Suppose 2 = -3*a - 1. Let x(o) = -o. Let h(c) = -c - 3. Let m(p) = a*h(p) + 3*x(p). Calculate m(3).
-3
Let u = -13 + 21. Let s = 5 - u. Let g(t) = -t - 1. Let h be g(s). Let l(x) = 2*x - 1. What is l(h)?
3
Let c be -2*(-3)/6*0. Let k = c + -3. Let r(x) = x - 1. Determine r(k).
-4
Let n(a) be the second derivative of -a**5/20 + 7*a**4/12 - 4*a**3/3 + 3*a**2 - 70*a. Let u be 26/4 + (-4)/8. Determine n(u).
-6
Suppose 14 = 3*z - 1. Let m = z + -10. Let x(d) = d**3 + 4*d**2 - 6*d - 3. Determine x(m).
2
Let m(s) = -16*s**2 + 8 + 17*s**2 + 2*s**3 + 1 - 3*s**3. Give m(0).
9
Let b(f) = -f - 1. Let r be b(-4). Let a(t) be the first derivative of -t**3/3 + 2*t**2 + t + 4. What is a(r)?
4
Let z(i) = -i**2 + 2*i + 1. Let t(c) = c**2 - c - 2. Let d(j) = 3*t(j) + 2*z(j). Determine d(0).
-4
Let i(y) = -2 + y**2 - 3 + 8 - 2. Let t be i(2). Let q(o) = o**3 - 5*o**2 + 2*o - 3. Calculate q(t).
7
Let o(m) = 4 + 0 - 6 + 1 - 3*m. Suppose 3 = -k + 4*d, 0 = 3*k + 4*d - d - 6. Give o(k).
-4
Suppose 2*f + 2*f + 44 = 3*s, -3*s - 3*f + 51 = 0. Let q be ((-10)/(-4))/(8/s). Let v(y) = y**3 - 5*y**2 - y + 7. Give v(q).
2
Let g be (-6)/8 + (-75)/12. Let s = g + 12. Let h(l) = -3 - l - 4*l + l**2 - l + 3*l. What is h(s)?
7
Let j(i) = -2*i - 3. Let p = -22 + 44. Suppose -h + p = 4*v, -26 = -3*v + 5*h - h. Suppose -5*u = -v*u + 5. Calculate j(u).
-13
Suppose x + 4 = -1. Let h(i) = -5*i**3 + 5*i**2 + 2*i + 4. Let q(y) = -y**3. Let m(f) = h(f) - 6*q(f). What is m(x)?
-6
Let g(j) = j**3 - 3*j**2 + j + 3. Suppose -3*x = 2*x - 10. Suppose -1 - x = -b. Calculate g(b).
6
Let a(k) = k**2 + 7*k. Suppose l - 2*b - 3 = -0, -2*l + 5 = -5*b. Suppose -3*y - l = 10. Give a(y).
-10
Let q be 2*1*(-3)/2. Let m(b) = 2*b**2 + 2*b. Let z(k) = 2*k**2 - 3*k + 3. Let r be z(2). Let x(h) = -h**2 - h. Let l(n) = r*x(n) + 2*m(n). Calculate l(q).
-6
Let w(o) = -3*o - 25. Let p(f) = 5*f + 38. Let v(s) = 5*p(s) + 8*w(s). Give v(0).
-10
Let n be 2 + (-2)/(2/(-2)). Let i be (-2)/(n*2/4). Let h be -8*(i - 1/(-2)). Let q(b) = 2*b**2 - 6*b. Calculate q(h).
8
Suppose 3*m + 15 + 3 = 0. Let w(j) = j**2 - 28 + 11 - 2*j + 10 + 5*j. Calculate w(m).
11
Suppose 3*a - 4*m = -2*m - 10, m - 5 = 0. Let t(x) be the second derivative of a + 5/2*x**2 + 2*x - 1/6*x**3. Calculate t(4).
1
Let q(j) be the first derivative of -j**3/3 - 4*j**2 - 6*j + 1. Let l be q(-4). Let x be (-2)/(-1)*l/4. Let k(u) = -u**2 + 4*u + 5. Calculate k(x).
0
Let v(g) = -g**3 + 2*g**2 - 2*g + 1. Let x(p) = -p**3 + 3*p**2 + 12*p - 30. Let i be x(4). Give v(i).
-3
Let f(x) = 3*x + 5. Suppose 0 = -4*w + 8. Let z be 3/(w - 1 - 0). Suppose o + z*b + 5 = 0, 5*o + 2*b + b + 25 = 0. Calculate f(o).
-10
Let q(x) = -6*x + 1. Let c be q(2). Let p(k) = -k**3 - 10*k**2 + 13*k + 13. What is p(c)?
-9
Let x(t) = -t**2 + 2*t + 7. Suppose -7*d + 3*d = -4*a - 32, 4*d - 18 = -3*a. Let z be d/1 + 2 - 3. What is x(z)?
-8
Let a be (((-6)/(-8))/3)/(5/40). Let j(t) = 2*t - 3. Give j(a).
1
Suppose 3*f - 5*h - 1 = 0, -5*h = 10 - 0. Let w = 5 + -1. Let u(g) = -4*g - g**2 + w*g - g - 4. What is u(f)?
-10
Let i = 2 - 1. Let y(b) = 2*b. Let f be y(i). Let n(x) = -4*x + x + x**2 + x**2 + 2. Calculate n(f).
4
Let a(p) = 3*p**3 + 2*p**2 - 10*p + 1. Let x(i) = -2*i**3 - 3*i**2 + 9*i - 2. Let s be (-22)/99 - 50/18. Let r(d) = s*a(d) - 4*x(d). Determine r(5).
0
Let w(m) be the first derivative of m**3/3 + 7*m**2/2 + 6*m - 1. Let y be w(-6). Let l(r) = -r + 7. Determine l(y).
7
Let b(o) be the third derivative of o**5/60 + 7*o**4/24 + 2*o**3/3 - 16*o**2. Determine b(-7).
4
Let f(i) = -8*i + i**3 - 5 - 6*i**2 + 0*i**2 + 13. Let p be f(7). Let d(n) = 4 + 2*n - 4 - 3 + p. What is d(-2)?
-6
Let i(y) = 143*y + 2 - 291*y + 151*y - 3. Calculate i(5).
14
Let f(z) = 12*z + 1 + 7*z - 18*z + 19*z**2. Calculate f(-1).
19
Let l(a) = -a**2 + 3*a - 5. Suppose u + 15 = -4*u. Let v be (-35)/u + (-7)/(-21). Suppose -4*b - 8 = -i, 3*b = 2*i - b - v. Give l(i).
-9
Suppose 2 = 3*u + 5. Let h(b) = b + 1. Let x be h(u). Let i(j) = j**3 + 1. Determine i(x).
1
Let t be (-1)/2 + 12/8. Let y = -5 + t. Let g(n) = n**3 + 3*n**2 - 3*n. What is g(y)?
-4
Let i(v) be the first derivative of v**4/4 + v**3 + v**2 + 3*v - 1. Let m = 29 + -31. Determine i(m).
3
Let m be -5 - (-7 + 5 + 2). Let j(k) = -k + 3. Determine j(m).
8
Let t(s) be the second derivative of s**6/360 - 7*s**5/120 + s**4/24 - s**3/3 + 7*s. 